{"id":2873,"date":"2020-11-09T13:32:51","date_gmt":"2020-11-09T13:32:51","guid":{"rendered":"https:\/\/islenart.com\/producto\/mochila-jarea-lila-backpack-violet-jarea\/"},"modified":"2021-01-08T16:56:18","modified_gmt":"2021-01-08T16:56:18","slug":"mochila-jarea-lila-backpack-violet-jarea","status":"publish","type":"product","link":"https:\/\/islenart.com\/en\/product\/mochila-jarea-lila-backpack-violet-jarea\/","title":{"rendered":"Mochila \u00abJarea lila\u00bb \/ Backpack \u00abViolet Jarea\u00bb"},"content":{"rendered":"<p>Esta mochila de tama\u00f1o mediano es justo lo que necesitas para usarla a diario o para actividades deportivas. Los bolsillos (incluyendo uno para el port\u00e1til) son lo suficientemente espaciosos para que puedas guardar tus pertenencias. Adem\u00e1s el material impermeable las proteger\u00e1 de las inclemencias meteorol\u00f3gicas.<\/p>\n<p>\u2022 Hecha de 100% poli\u00e9ster<br \/>\n\u2022 Dimensiones: Alto 42 cm (16\u215e\u00bb), Ancho 31 cm (12\u00bc\u00bb), Largo 10 cm (3\u215e\u00bb)<br \/>\n\u2022 L\u00edmite m\u00e1ximo de peso: 20 kg (44 lbs)<br \/>\n\u2022 Material impermeable<br \/>\n\u2022 Compartimento interior espacioso con bolsillo separado para port\u00e1tiles de 15\u201d, bolsillo frontal con cremallera y bolsillo oculto con cremallera en la parte posterior de la mochila<br \/>\n\u2022 La cremallera superior tiene 2 cursores y estos cuentan con un tirador cada uno<br \/>\n\u2022 Forro interior suave, dobladillos interiores ribeteados y parte posterior de malla suave<br \/>\n\u2022 Asas ergon\u00f3micas acolchadas de poli\u00e9ster con reguladores de pl\u00e1stico<br \/>\n\u2022 Producto base proveniente de China<\/p>\n<p>&#8211;<\/p>\n<p>This medium size backpack is just what you need for daily use or sports activities! The pockets (including one for your laptop) give plenty of room for all your necessities, while the water-resistant material will protect them from the weather.<\/p>\n<p>\u2022 Made from 100% polyester<br \/>\n\u2022 Dimensions: H 16\u215e\u00bb (42cm), W 12\u00bc\u00bb (31cm), D 3\u215e\u00bb (10cm)<br \/>\n\u2022 Maximum weight limit \u2013 44lbs (20kg)<br \/>\n\u2022 Water-resistant material<br \/>\n\u2022 Large inside pocket with a separate pocket for a 15\u201d laptop, front pocket with a zipper, and a hidden pocket with zipper on the back of the bag<br \/>\n\u2022 Top zipper has 2 sliders, and there are zipper pullers attached to each slider<br \/>\n\u2022 Silky lining, piped inside hems, and a soft mesh back<br \/>\n\u2022 Padded ergonomic bag straps from polyester with plastic strap regulators<br \/>\n\u2022 Blank product components sourced from China<\/p>","protected":false},"excerpt":{"rendered":"<p>Esta mochila de tama\u00f1o mediano es justo lo que necesitas para usarla a diario o para actividades deportivas. Los bolsillos&#8230;<\/p>","protected":false},"featured_media":2874,"template":"","meta":[],"product_brand":[],"product_cat":[223],"product_tag":[],"class_list":{"0":"post-2873","1":"product","2":"type-product","3":"status-publish","4":"has-post-thumbnail","6":"product_cat-clothes-accessories","8":"first","9":"instock","10":"taxable","11":"shipping-taxable","12":"purchasable","13":"product-type-simple"},"yoast_head":"<!-- This site is optimized with the Yoast SEO plugin v28.2 - https:\/\/yoast.com\/product\/yoast-seo-wordpress\/ -->\n<title>Mochila &quot;Jarea lila&quot; \/ Backpack &quot;Violet Jarea&quot; - Islenart<\/title>\n<meta name=\"robots\" content=\"index, follow, max-snippet:-1, max-image-preview:large, max-video-preview:-1\" \/>\n<link rel=\"canonical\" href=\"https:\/\/islenart.com\/en\/product\/mochila-jarea-lila-backpack-violet-jarea\/\" \/>\n<meta property=\"og:locale\" content=\"en_GB\" \/>\n<meta property=\"og:type\" content=\"article\" \/>\n<meta property=\"og:title\" content=\"Mochila &quot;Jarea lila&quot; \/ Backpack &quot;Violet Jarea&quot; - Islenart\" \/>\n<meta property=\"og:description\" content=\"Esta mochila de tama\u00f1o mediano es justo lo que necesitas para usarla a diario o para actividades deportivas. Los bolsillos...\" \/>\n<meta property=\"og:url\" content=\"https:\/\/islenart.com\/en\/product\/mochila-jarea-lila-backpack-violet-jarea\/\" \/>\n<meta property=\"og:site_name\" content=\"Islenart\" \/>\n<meta property=\"article:modified_time\" content=\"2021-01-08T16:56:18+00:00\" \/>\n<meta property=\"og:image\" content=\"https:\/\/islenart.com\/wp-content\/uploads\/2020\/11\/mockup-270e7ed1.jpg\" \/>\n\t<meta property=\"og:image:width\" content=\"1000\" \/>\n\t<meta property=\"og:image:height\" content=\"1000\" \/>\n\t<meta property=\"og:image:type\" content=\"image\/jpeg\" \/>\n<meta name=\"twitter:label1\" content=\"Estimated reading time\" \/>\n\t<meta name=\"twitter:data1\" content=\"1 minute\" \/>\n<script type=\"application\/ld+json\" class=\"yoast-schema-graph\">{\"@context\":\"https:\\\/\\\/schema.org\",\"@graph\":[{\"@type\":\"WebPage\",\"@id\":\"https:\\\/\\\/islenart.com\\\/en\\\/product\\\/mochila-jarea-lila-backpack-violet-jarea\\\/\",\"url\":\"https:\\\/\\\/islenart.com\\\/en\\\/product\\\/mochila-jarea-lila-backpack-violet-jarea\\\/\",\"name\":\"Mochila \\\"Jarea lila\\\" \\\/ Backpack \\\"Violet Jarea\\\" - Islenart\",\"isPartOf\":{\"@id\":\"https:\\\/\\\/islenart.com\\\/#website\"},\"primaryImageOfPage\":{\"@id\":\"https:\\\/\\\/islenart.com\\\/en\\\/product\\\/mochila-jarea-lila-backpack-violet-jarea\\\/#primaryimage\"},\"image\":{\"@id\":\"https:\\\/\\\/islenart.com\\\/en\\\/product\\\/mochila-jarea-lila-backpack-violet-jarea\\\/#primaryimage\"},\"thumbnailUrl\":\"https:\\\/\\\/islenart.com\\\/wp-content\\\/uploads\\\/2020\\\/11\\\/mockup-270e7ed1.jpg\",\"datePublished\":\"2020-11-09T13:32:51+00:00\",\"dateModified\":\"2021-01-08T16:56:18+00:00\",\"breadcrumb\":{\"@id\":\"https:\\\/\\\/islenart.com\\\/en\\\/product\\\/mochila-jarea-lila-backpack-violet-jarea\\\/#breadcrumb\"},\"inLanguage\":\"en-GB\",\"potentialAction\":[{\"@type\":\"ReadAction\",\"target\":[\"https:\\\/\\\/islenart.com\\\/en\\\/product\\\/mochila-jarea-lila-backpack-violet-jarea\\\/\"]}]},{\"@type\":\"ImageObject\",\"inLanguage\":\"en-GB\",\"@id\":\"https:\\\/\\\/islenart.com\\\/en\\\/product\\\/mochila-jarea-lila-backpack-violet-jarea\\\/#primaryimage\",\"url\":\"https:\\\/\\\/islenart.com\\\/wp-content\\\/uploads\\\/2020\\\/11\\\/mockup-270e7ed1.jpg\",\"contentUrl\":\"https:\\\/\\\/islenart.com\\\/wp-content\\\/uploads\\\/2020\\\/11\\\/mockup-270e7ed1.jpg\",\"width\":1000,\"height\":1000},{\"@type\":\"BreadcrumbList\",\"@id\":\"https:\\\/\\\/islenart.com\\\/en\\\/product\\\/mochila-jarea-lila-backpack-violet-jarea\\\/#breadcrumb\",\"itemListElement\":[{\"@type\":\"ListItem\",\"position\":1,\"name\":\"Portada\",\"item\":\"https:\\\/\\\/islenart.com\\\/\"},{\"@type\":\"ListItem\",\"position\":2,\"name\":\"TIENDA\",\"item\":\"https:\\\/\\\/islenart.com\\\/shop\\\/\"},{\"@type\":\"ListItem\",\"position\":3,\"name\":\"Mochila &#8220;Jarea lila&#8221; \\\/ Backpack &#8220;Violet Jarea&#8221;\"}]},{\"@type\":\"WebSite\",\"@id\":\"https:\\\/\\\/islenart.com\\\/#website\",\"url\":\"https:\\\/\\\/islenart.com\\\/\",\"name\":\"Islenart\",\"description\":\"Ruth Cebri\u00e1n - Artist, Phd Arquitect\",\"publisher\":{\"@id\":\"https:\\\/\\\/islenart.com\\\/#organization\"},\"potentialAction\":[{\"@type\":\"SearchAction\",\"target\":{\"@type\":\"EntryPoint\",\"urlTemplate\":\"https:\\\/\\\/islenart.com\\\/?s={search_term_string}\"},\"query-input\":{\"@type\":\"PropertyValueSpecification\",\"valueRequired\":true,\"valueName\":\"search_term_string\"}}],\"inLanguage\":\"en-GB\"},{\"@type\":\"Organization\",\"@id\":\"https:\\\/\\\/islenart.com\\\/#organization\",\"name\":\"Islenart\",\"url\":\"https:\\\/\\\/islenart.com\\\/\",\"logo\":{\"@type\":\"ImageObject\",\"inLanguage\":\"en-GB\",\"@id\":\"https:\\\/\\\/islenart.com\\\/#\\\/schema\\\/logo\\\/image\\\/\",\"url\":\"https:\\\/\\\/islenart.com\\\/wp-content\\\/uploads\\\/2020\\\/08\\\/1-Logo islenart 5.png\",\"contentUrl\":\"https:\\\/\\\/islenart.com\\\/wp-content\\\/uploads\\\/2020\\\/08\\\/1-Logo islenart 5.png\",\"width\":2059,\"height\":2290,\"caption\":\"Islenart\"},\"image\":{\"@id\":\"https:\\\/\\\/islenart.com\\\/#\\\/schema\\\/logo\\\/image\\\/\"}}]}<\/script>\n<!-- \/ Yoast SEO plugin. -->","yoast_head_json":{"title":"Mochila \"Jarea lila\" \/ Backpack \"Violet Jarea\" - Islenart","robots":{"index":"index","follow":"follow","max-snippet":"max-snippet:-1","max-image-preview":"max-image-preview:large","max-video-preview":"max-video-preview:-1"},"canonical":"https:\/\/islenart.com\/en\/product\/mochila-jarea-lila-backpack-violet-jarea\/","og_locale":"en_GB","og_type":"article","og_title":"Mochila \"Jarea lila\" \/ Backpack \"Violet Jarea\" - Islenart","og_description":"Esta mochila de tama\u00f1o mediano es justo lo que necesitas para usarla a diario o para actividades deportivas. Los bolsillos...","og_url":"https:\/\/islenart.com\/en\/product\/mochila-jarea-lila-backpack-violet-jarea\/","og_site_name":"Islenart","article_modified_time":"2021-01-08T16:56:18+00:00","og_image":[{"width":1000,"height":1000,"url":"https:\/\/islenart.com\/wp-content\/uploads\/2020\/11\/mockup-270e7ed1.jpg","type":"image\/jpeg"}],"twitter_misc":{"Estimated reading time":"1 minute"},"schema":{"@context":"https:\/\/schema.org","@graph":[{"@type":"WebPage","@id":"https:\/\/islenart.com\/en\/product\/mochila-jarea-lila-backpack-violet-jarea\/","url":"https:\/\/islenart.com\/en\/product\/mochila-jarea-lila-backpack-violet-jarea\/","name":"Mochila \"Jarea lila\" \/ Backpack \"Violet Jarea\" - Islenart","isPartOf":{"@id":"https:\/\/islenart.com\/#website"},"primaryImageOfPage":{"@id":"https:\/\/islenart.com\/en\/product\/mochila-jarea-lila-backpack-violet-jarea\/#primaryimage"},"image":{"@id":"https:\/\/islenart.com\/en\/product\/mochila-jarea-lila-backpack-violet-jarea\/#primaryimage"},"thumbnailUrl":"https:\/\/islenart.com\/wp-content\/uploads\/2020\/11\/mockup-270e7ed1.jpg","datePublished":"2020-11-09T13:32:51+00:00","dateModified":"2021-01-08T16:56:18+00:00","breadcrumb":{"@id":"https:\/\/islenart.com\/en\/product\/mochila-jarea-lila-backpack-violet-jarea\/#breadcrumb"},"inLanguage":"en-GB","potentialAction":[{"@type":"ReadAction","target":["https:\/\/islenart.com\/en\/product\/mochila-jarea-lila-backpack-violet-jarea\/"]}]},{"@type":"ImageObject","inLanguage":"en-GB","@id":"https:\/\/islenart.com\/en\/product\/mochila-jarea-lila-backpack-violet-jarea\/#primaryimage","url":"https:\/\/islenart.com\/wp-content\/uploads\/2020\/11\/mockup-270e7ed1.jpg","contentUrl":"https:\/\/islenart.com\/wp-content\/uploads\/2020\/11\/mockup-270e7ed1.jpg","width":1000,"height":1000},{"@type":"BreadcrumbList","@id":"https:\/\/islenart.com\/en\/product\/mochila-jarea-lila-backpack-violet-jarea\/#breadcrumb","itemListElement":[{"@type":"ListItem","position":1,"name":"Portada","item":"https:\/\/islenart.com\/"},{"@type":"ListItem","position":2,"name":"TIENDA","item":"https:\/\/islenart.com\/shop\/"},{"@type":"ListItem","position":3,"name":"Mochila &#8220;Jarea lila&#8221; \/ Backpack &#8220;Violet Jarea&#8221;"}]},{"@type":"WebSite","@id":"https:\/\/islenart.com\/#website","url":"https:\/\/islenart.com\/","name":"Islenart","description":"Ruth Cebri\u00e1n - Artist, Phd Arquitect","publisher":{"@id":"https:\/\/islenart.com\/#organization"},"potentialAction":[{"@type":"SearchAction","target":{"@type":"EntryPoint","urlTemplate":"https:\/\/islenart.com\/?s={search_term_string}"},"query-input":{"@type":"PropertyValueSpecification","valueRequired":true,"valueName":"search_term_string"}}],"inLanguage":"en-GB"},{"@type":"Organization","@id":"https:\/\/islenart.com\/#organization","name":"Islenart","url":"https:\/\/islenart.com\/","logo":{"@type":"ImageObject","inLanguage":"en-GB","@id":"https:\/\/islenart.com\/#\/schema\/logo\/image\/","url":"https:\/\/islenart.com\/wp-content\/uploads\/2020\/08\/1-Logo islenart 5.png","contentUrl":"https:\/\/islenart.com\/wp-content\/uploads\/2020\/08\/1-Logo islenart 5.png","width":2059,"height":2290,"caption":"Islenart"},"image":{"@id":"https:\/\/islenart.com\/#\/schema\/logo\/image\/"}}]}},"_links":{"self":[{"href":"https:\/\/islenart.com\/en\/wp-json\/wp\/v2\/product\/2873","targetHints":{"allow":["GET"]}}],"collection":[{"href":"https:\/\/islenart.com\/en\/wp-json\/wp\/v2\/product"}],"about":[{"href":"https:\/\/islenart.com\/en\/wp-json\/wp\/v2\/types\/product"}],"wp:featuredmedia":[{"embeddable":true,"href":"https:\/\/islenart.com\/en\/wp-json\/wp\/v2\/media\/2874"}],"wp:attachment":[{"href":"https:\/\/islenart.com\/en\/wp-json\/wp\/v2\/media?parent=2873"}],"wp:term":[{"taxonomy":"product_brand","embeddable":true,"href":"https:\/\/islenart.com\/en\/wp-json\/wp\/v2\/product_brand?post=2873"},{"taxonomy":"product_cat","embeddable":true,"href":"https:\/\/islenart.com\/en\/wp-json\/wp\/v2\/product_cat?post=2873"},{"taxonomy":"product_tag","embeddable":true,"href":"https:\/\/islenart.com\/en\/wp-json\/wp\/v2\/product_tag?post=2873"}],"curies":[{"name":"wp","href":"https:\/\/api.w.org\/{rel}","templated":true}]}}

<p>Esta mochila de tamaño mediano es justo lo que necesitas para usarla a diario o para actividades deportivas. Los bolsillos (incluyendo uno para el portátil) son lo suficientemente espaciosos para que puedas guardar tus pertenencias. Además el material impermeable las protegerá de las inclemencias meteorológicas.</p>
<p>• Hecha de 100% poliéster<br />
• Dimensiones: Alto 42 cm (16⅞»), Ancho 31 cm (12¼»), Largo 10 cm (3⅞»)<br />
• Límite máximo de peso: 20 kg (44 lbs)<br />
• Material impermeable<br />
• Compartimento interior espacioso con bolsillo separado para portátiles de 15”, bolsillo frontal con cremallera y bolsillo oculto con cremallera en la parte posterior de la mochila<br />
• La cremallera superior tiene 2 cursores y estos cuentan con un tirador cada uno<br />
• Forro interior suave, dobladillos interiores ribeteados y parte posterior de malla suave<br />
• Asas ergonómicas acolchadas de poliéster con reguladores de plástico<br />
• Producto base proveniente de China</p>
<p>&#8211;</p>
<p>This medium size backpack is just what you need for daily use or sports activities! The pockets (including one for your laptop) give plenty of room for all your necessities, while the water-resistant material will protect them from the weather.</p>
<p>• Made from 100% polyester<br />
• Dimensions: H 16⅞» (42cm), W 12¼» (31cm), D 3⅞» (10cm)<br />
• Maximum weight limit – 44lbs (20kg)<br />
• Water-resistant material<br />
• Large inside pocket with a separate pocket for a 15” laptop, front pocket with a zipper, and a hidden pocket with zipper on the back of the bag<br />
• Top zipper has 2 sliders, and there are zipper pullers attached to each slider<br />
• Silky lining, piped inside hems, and a soft mesh back<br />
• Padded ergonomic bag straps from polyester with plastic strap regulators<br />
• Blank product components sourced from China</p>

<p>Esta mochila de tamaño mediano es justo lo que necesitas para usarla a diario o para actividades deportivas. Los bolsillos&#8230;</p>

<!-- This site is optimized with the Yoast SEO plugin v28.2 - https://yoast.com/product/yoast-seo-wordpress/ -->
<title>Mochila &quot;Jarea lila&quot; / Backpack &quot;Violet Jarea&quot; - Islenart</title>
<meta name="robots" content="index, follow, max-snippet:-1, max-image-preview:large, max-video-preview:-1" />
<link rel="canonical" href="https://islenart.com/en/product/mochila-jarea-lila-backpack-violet-jarea/" />
<meta property="og:locale" content="en_GB" />
<meta property="og:type" content="article" />
<meta property="og:title" content="Mochila &quot;Jarea lila&quot; / Backpack &quot;Violet Jarea&quot; - Islenart" />
<meta property="og:description" content="Esta mochila de tamaño mediano es justo lo que necesitas para usarla a diario o para actividades deportivas. Los bolsillos..." />
<meta property="og:url" content="https://islenart.com/en/product/mochila-jarea-lila-backpack-violet-jarea/" />
<meta property="og:site_name" content="Islenart" />
<meta property="article:modified_time" content="2021-01-08T16:56:18+00:00" />
<meta property="og:image" content="https://islenart.com/wp-content/uploads/2020/11/mockup-270e7ed1.jpg" />
	<meta property="og:image:width" content="1000" />
	<meta property="og:image:height" content="1000" />
	<meta property="og:image:type" content="image/jpeg" />
<meta name="twitter:label1" content="Estimated reading time" />
	<meta name="twitter:data1" content="1 minute" />
<script type="application/ld+json" class="yoast-schema-graph">{"@context":"https:\/\/schema.org","@graph":[{"@type":"WebPage","@id":"https:\/\/islenart.com\/en\/product\/mochila-jarea-lila-backpack-violet-jarea\/","url":"https:\/\/islenart.com\/en\/product\/mochila-jarea-lila-backpack-violet-jarea\/","name":"Mochila \"Jarea lila\" \/ Backpack \"Violet Jarea\" - Islenart","isPartOf":{"@id":"https:\/\/islenart.com\/#website"},"primaryImageOfPage":{"@id":"https:\/\/islenart.com\/en\/product\/mochila-jarea-lila-backpack-violet-jarea\/#primaryimage"},"image":{"@id":"https:\/\/islenart.com\/en\/product\/mochila-jarea-lila-backpack-violet-jarea\/#primaryimage"},"thumbnailUrl":"https:\/\/islenart.com\/wp-content\/uploads\/2020\/11\/mockup-270e7ed1.jpg","datePublished":"2020-11-09T13:32:51+00:00","dateModified":"2021-01-08T16:56:18+00:00","breadcrumb":{"@id":"https:\/\/islenart.com\/en\/product\/mochila-jarea-lila-backpack-violet-jarea\/#breadcrumb"},"inLanguage":"en-GB","potentialAction":[{"@type":"ReadAction","target":["https:\/\/islenart.com\/en\/product\/mochila-jarea-lila-backpack-violet-jarea\/"]}]},{"@type":"ImageObject","inLanguage":"en-GB","@id":"https:\/\/islenart.com\/en\/product\/mochila-jarea-lila-backpack-violet-jarea\/#primaryimage","url":"https:\/\/islenart.com\/wp-content\/uploads\/2020\/11\/mockup-270e7ed1.jpg","contentUrl":"https:\/\/islenart.com\/wp-content\/uploads\/2020\/11\/mockup-270e7ed1.jpg","width":1000,"height":1000},{"@type":"BreadcrumbList","@id":"https:\/\/islenart.com\/en\/product\/mochila-jarea-lila-backpack-violet-jarea\/#breadcrumb","itemListElement":[{"@type":"ListItem","position":1,"name":"Portada","item":"https:\/\/islenart.com\/"},{"@type":"ListItem","position":2,"name":"TIENDA","item":"https:\/\/islenart.com\/shop\/"},{"@type":"ListItem","position":3,"name":"Mochila &#8220;Jarea lila&#8221; \/ Backpack &#8220;Violet Jarea&#8221;"}]},{"@type":"WebSite","@id":"https:\/\/islenart.com\/#website","url":"https:\/\/islenart.com\/","name":"Islenart","description":"Ruth Cebrián - Artist, Phd Arquitect","publisher":{"@id":"https:\/\/islenart.com\/#organization"},"potentialAction":[{"@type":"SearchAction","target":{"@type":"EntryPoint","urlTemplate":"https:\/\/islenart.com\/?s={search_term_string}"},"query-input":{"@type":"PropertyValueSpecification","valueRequired":true,"valueName":"search_term_string"}}],"inLanguage":"en-GB"},{"@type":"Organization","@id":"https:\/\/islenart.com\/#organization","name":"Islenart","url":"https:\/\/islenart.com\/","logo":{"@type":"ImageObject","inLanguage":"en-GB","@id":"https:\/\/islenart.com\/#\/schema\/logo\/image\/","url":"https:\/\/islenart.com\/wp-content\/uploads\/2020\/08\/1-Logo islenart 5.png","contentUrl":"https:\/\/islenart.com\/wp-content\/uploads\/2020\/08\/1-Logo islenart 5.png","width":2059,"height":2290,"caption":"Islenart"},"image":{"@id":"https:\/\/islenart.com\/#\/schema\/logo\/image\/"}}]}</script>
<!-- / Yoast SEO plugin. -->

Esta mochila de tamaño mediano es justo lo que necesitas para usarla a diario o para actividades deportivas. Los bolsillos...

Ruth Cebrián - Artist, Phd Arquitect
