{"id":2217,"date":"2020-11-05T11:07:49","date_gmt":"2020-11-05T11:07:49","guid":{"rendered":"https:\/\/islenart.com\/producto\/braga-de-cuello-cancion-floral-neck-gaiter-floral-song\/"},"modified":"2021-01-08T16:56:09","modified_gmt":"2021-01-08T16:56:09","slug":"braga-de-cuello-cancion-floral-neck-gaiter-floral-song","status":"publish","type":"product","link":"https:\/\/islenart.com\/en\/product\/braga-de-cuello-cancion-floral-neck-gaiter-floral-song\/","title":{"rendered":"Braga de cuello Canci\u00f3n Floral \/ Neck Gaiter Floral Song"},"content":{"rendered":"<p>Esta braga de cuello personalizada all over puede utilizarse como bandana, mu\u00f1equera, pasamonta\u00f1as, o bien para mantener calentitos tu cuello y tu cara. Renueva tu look con el accesorio m\u00e1s polivalente.<\/p>\n<p>\u2022 95% poli\u00e9ster, 5% elastano (la composici\u00f3n del tejido podr\u00eda variar en un 1%)<br \/>\n\u2022 Peso del tejido: 6.19 oz\/yd\u00b2 (210 g\/m\u00b2)<br \/>\n\u2022 Tejido transpirable<br \/>\n\u2022 Lavable y reutilizable<br \/>\n\u2022 Tejido el\u00e1stico<br \/>\n\u2022 Talla \u00fanica<br \/>\n\u2022 Impreso sobre un lado, el otro se deja en blanco<\/p>\n<p>&#8211;<\/p>\n<p>This neck gaiter is a versatile accessory that can be used as a face covering, headband, bandana, wristband, and neck warmer. Upgrade your accessory game and find a matching face shield for each of your outfits.<\/p>\n<p>\u2022 95% polyester, 5% elastane (fabric composition may vary by 1%)<br \/>\n\u2022 Fabric weight: 6.19 oz\/yd\u00b2 (210 g\/m\u00b2)<br \/>\n\u2022 Breathable fabric<br \/>\n\u2022 Washable and reusable<br \/>\n\u2022 Four-way stretch fabric that stretches and recovers on the cross and lengthwise grains<br \/>\n\u2022 One size<br \/>\n\u2022 Printed on one side, reverse side is left blank<\/p>","protected":false},"excerpt":{"rendered":"<p>Esta braga de cuello personalizada all over puede utilizarse como bandana, mu\u00f1equera, pasamonta\u00f1as, o bien para mantener calentitos tu cuello&#8230;<\/p>","protected":false},"featured_media":2290,"template":"","meta":[],"product_brand":[],"product_cat":[223],"product_tag":[],"class_list":{"0":"post-2217","1":"product","2":"type-product","3":"status-publish","4":"has-post-thumbnail","6":"product_cat-clothes-accessories","8":"first","9":"instock","10":"taxable","11":"shipping-taxable","12":"purchasable","13":"product-type-simple"},"yoast_head":"<!-- This site is optimized with the Yoast SEO plugin v28.2 - https:\/\/yoast.com\/product\/yoast-seo-wordpress\/ -->\n<title>Braga de cuello Canci\u00f3n Floral \/ Neck Gaiter Floral Song - Islenart<\/title>\n<meta name=\"robots\" content=\"index, follow, max-snippet:-1, max-image-preview:large, max-video-preview:-1\" \/>\n<link rel=\"canonical\" href=\"https:\/\/islenart.com\/en\/product\/braga-de-cuello-cancion-floral-neck-gaiter-floral-song\/\" \/>\n<meta property=\"og:locale\" content=\"en_GB\" \/>\n<meta property=\"og:type\" content=\"article\" \/>\n<meta property=\"og:title\" content=\"Braga de cuello Canci\u00f3n Floral \/ Neck Gaiter Floral Song - Islenart\" \/>\n<meta property=\"og:description\" content=\"Esta braga de cuello personalizada all over puede utilizarse como bandana, mu\u00f1equera, pasamonta\u00f1as, o bien para mantener calentitos tu cuello...\" \/>\n<meta property=\"og:url\" content=\"https:\/\/islenart.com\/en\/product\/braga-de-cuello-cancion-floral-neck-gaiter-floral-song\/\" \/>\n<meta property=\"og:site_name\" content=\"Islenart\" \/>\n<meta property=\"article:modified_time\" content=\"2021-01-08T16:56:09+00:00\" \/>\n<meta property=\"og:image\" content=\"https:\/\/islenart.com\/wp-content\/uploads\/2020\/11\/mockup-255fe38a.jpg\" \/>\n\t<meta property=\"og:image:width\" content=\"1000\" \/>\n\t<meta property=\"og:image:height\" content=\"1000\" \/>\n\t<meta property=\"og:image:type\" content=\"image\/jpeg\" \/>\n<meta name=\"twitter:label1\" content=\"Estimated reading time\" \/>\n\t<meta name=\"twitter:data1\" content=\"1 minute\" \/>\n<script type=\"application\/ld+json\" class=\"yoast-schema-graph\">{\"@context\":\"https:\\\/\\\/schema.org\",\"@graph\":[{\"@type\":\"WebPage\",\"@id\":\"https:\\\/\\\/islenart.com\\\/en\\\/product\\\/braga-de-cuello-cancion-floral-neck-gaiter-floral-song\\\/\",\"url\":\"https:\\\/\\\/islenart.com\\\/en\\\/product\\\/braga-de-cuello-cancion-floral-neck-gaiter-floral-song\\\/\",\"name\":\"Braga de cuello Canci\u00f3n Floral \\\/ Neck Gaiter Floral Song - Islenart\",\"isPartOf\":{\"@id\":\"https:\\\/\\\/islenart.com\\\/#website\"},\"primaryImageOfPage\":{\"@id\":\"https:\\\/\\\/islenart.com\\\/en\\\/product\\\/braga-de-cuello-cancion-floral-neck-gaiter-floral-song\\\/#primaryimage\"},\"image\":{\"@id\":\"https:\\\/\\\/islenart.com\\\/en\\\/product\\\/braga-de-cuello-cancion-floral-neck-gaiter-floral-song\\\/#primaryimage\"},\"thumbnailUrl\":\"https:\\\/\\\/islenart.com\\\/wp-content\\\/uploads\\\/2020\\\/11\\\/mockup-255fe38a.jpg\",\"datePublished\":\"2020-11-05T11:07:49+00:00\",\"dateModified\":\"2021-01-08T16:56:09+00:00\",\"breadcrumb\":{\"@id\":\"https:\\\/\\\/islenart.com\\\/en\\\/product\\\/braga-de-cuello-cancion-floral-neck-gaiter-floral-song\\\/#breadcrumb\"},\"inLanguage\":\"en-GB\",\"potentialAction\":[{\"@type\":\"ReadAction\",\"target\":[\"https:\\\/\\\/islenart.com\\\/en\\\/product\\\/braga-de-cuello-cancion-floral-neck-gaiter-floral-song\\\/\"]}]},{\"@type\":\"ImageObject\",\"inLanguage\":\"en-GB\",\"@id\":\"https:\\\/\\\/islenart.com\\\/en\\\/product\\\/braga-de-cuello-cancion-floral-neck-gaiter-floral-song\\\/#primaryimage\",\"url\":\"https:\\\/\\\/islenart.com\\\/wp-content\\\/uploads\\\/2020\\\/11\\\/mockup-255fe38a.jpg\",\"contentUrl\":\"https:\\\/\\\/islenart.com\\\/wp-content\\\/uploads\\\/2020\\\/11\\\/mockup-255fe38a.jpg\",\"width\":1000,\"height\":1000},{\"@type\":\"BreadcrumbList\",\"@id\":\"https:\\\/\\\/islenart.com\\\/en\\\/product\\\/braga-de-cuello-cancion-floral-neck-gaiter-floral-song\\\/#breadcrumb\",\"itemListElement\":[{\"@type\":\"ListItem\",\"position\":1,\"name\":\"Portada\",\"item\":\"https:\\\/\\\/islenart.com\\\/\"},{\"@type\":\"ListItem\",\"position\":2,\"name\":\"TIENDA\",\"item\":\"https:\\\/\\\/islenart.com\\\/shop\\\/\"},{\"@type\":\"ListItem\",\"position\":3,\"name\":\"Braga de cuello Canci\u00f3n Floral \\\/ Neck Gaiter Floral Song\"}]},{\"@type\":\"WebSite\",\"@id\":\"https:\\\/\\\/islenart.com\\\/#website\",\"url\":\"https:\\\/\\\/islenart.com\\\/\",\"name\":\"Islenart\",\"description\":\"Ruth Cebri\u00e1n - Artist, Phd Arquitect\",\"publisher\":{\"@id\":\"https:\\\/\\\/islenart.com\\\/#organization\"},\"potentialAction\":[{\"@type\":\"SearchAction\",\"target\":{\"@type\":\"EntryPoint\",\"urlTemplate\":\"https:\\\/\\\/islenart.com\\\/?s={search_term_string}\"},\"query-input\":{\"@type\":\"PropertyValueSpecification\",\"valueRequired\":true,\"valueName\":\"search_term_string\"}}],\"inLanguage\":\"en-GB\"},{\"@type\":\"Organization\",\"@id\":\"https:\\\/\\\/islenart.com\\\/#organization\",\"name\":\"Islenart\",\"url\":\"https:\\\/\\\/islenart.com\\\/\",\"logo\":{\"@type\":\"ImageObject\",\"inLanguage\":\"en-GB\",\"@id\":\"https:\\\/\\\/islenart.com\\\/#\\\/schema\\\/logo\\\/image\\\/\",\"url\":\"https:\\\/\\\/islenart.com\\\/wp-content\\\/uploads\\\/2020\\\/08\\\/1-Logo islenart 5.png\",\"contentUrl\":\"https:\\\/\\\/islenart.com\\\/wp-content\\\/uploads\\\/2020\\\/08\\\/1-Logo islenart 5.png\",\"width\":2059,\"height\":2290,\"caption\":\"Islenart\"},\"image\":{\"@id\":\"https:\\\/\\\/islenart.com\\\/#\\\/schema\\\/logo\\\/image\\\/\"}}]}<\/script>\n<!-- \/ Yoast SEO plugin. -->","yoast_head_json":{"title":"Braga de cuello Canci\u00f3n Floral \/ Neck Gaiter Floral Song - Islenart","robots":{"index":"index","follow":"follow","max-snippet":"max-snippet:-1","max-image-preview":"max-image-preview:large","max-video-preview":"max-video-preview:-1"},"canonical":"https:\/\/islenart.com\/en\/product\/braga-de-cuello-cancion-floral-neck-gaiter-floral-song\/","og_locale":"en_GB","og_type":"article","og_title":"Braga de cuello Canci\u00f3n Floral \/ Neck Gaiter Floral Song - Islenart","og_description":"Esta braga de cuello personalizada all over puede utilizarse como bandana, mu\u00f1equera, pasamonta\u00f1as, o bien para mantener calentitos tu cuello...","og_url":"https:\/\/islenart.com\/en\/product\/braga-de-cuello-cancion-floral-neck-gaiter-floral-song\/","og_site_name":"Islenart","article_modified_time":"2021-01-08T16:56:09+00:00","og_image":[{"width":1000,"height":1000,"url":"https:\/\/islenart.com\/wp-content\/uploads\/2020\/11\/mockup-255fe38a.jpg","type":"image\/jpeg"}],"twitter_misc":{"Estimated reading time":"1 minute"},"schema":{"@context":"https:\/\/schema.org","@graph":[{"@type":"WebPage","@id":"https:\/\/islenart.com\/en\/product\/braga-de-cuello-cancion-floral-neck-gaiter-floral-song\/","url":"https:\/\/islenart.com\/en\/product\/braga-de-cuello-cancion-floral-neck-gaiter-floral-song\/","name":"Braga de cuello Canci\u00f3n Floral \/ Neck Gaiter Floral Song - Islenart","isPartOf":{"@id":"https:\/\/islenart.com\/#website"},"primaryImageOfPage":{"@id":"https:\/\/islenart.com\/en\/product\/braga-de-cuello-cancion-floral-neck-gaiter-floral-song\/#primaryimage"},"image":{"@id":"https:\/\/islenart.com\/en\/product\/braga-de-cuello-cancion-floral-neck-gaiter-floral-song\/#primaryimage"},"thumbnailUrl":"https:\/\/islenart.com\/wp-content\/uploads\/2020\/11\/mockup-255fe38a.jpg","datePublished":"2020-11-05T11:07:49+00:00","dateModified":"2021-01-08T16:56:09+00:00","breadcrumb":{"@id":"https:\/\/islenart.com\/en\/product\/braga-de-cuello-cancion-floral-neck-gaiter-floral-song\/#breadcrumb"},"inLanguage":"en-GB","potentialAction":[{"@type":"ReadAction","target":["https:\/\/islenart.com\/en\/product\/braga-de-cuello-cancion-floral-neck-gaiter-floral-song\/"]}]},{"@type":"ImageObject","inLanguage":"en-GB","@id":"https:\/\/islenart.com\/en\/product\/braga-de-cuello-cancion-floral-neck-gaiter-floral-song\/#primaryimage","url":"https:\/\/islenart.com\/wp-content\/uploads\/2020\/11\/mockup-255fe38a.jpg","contentUrl":"https:\/\/islenart.com\/wp-content\/uploads\/2020\/11\/mockup-255fe38a.jpg","width":1000,"height":1000},{"@type":"BreadcrumbList","@id":"https:\/\/islenart.com\/en\/product\/braga-de-cuello-cancion-floral-neck-gaiter-floral-song\/#breadcrumb","itemListElement":[{"@type":"ListItem","position":1,"name":"Portada","item":"https:\/\/islenart.com\/"},{"@type":"ListItem","position":2,"name":"TIENDA","item":"https:\/\/islenart.com\/shop\/"},{"@type":"ListItem","position":3,"name":"Braga de cuello Canci\u00f3n Floral \/ Neck Gaiter Floral Song"}]},{"@type":"WebSite","@id":"https:\/\/islenart.com\/#website","url":"https:\/\/islenart.com\/","name":"Islenart","description":"Ruth Cebri\u00e1n - Artist, Phd Arquitect","publisher":{"@id":"https:\/\/islenart.com\/#organization"},"potentialAction":[{"@type":"SearchAction","target":{"@type":"EntryPoint","urlTemplate":"https:\/\/islenart.com\/?s={search_term_string}"},"query-input":{"@type":"PropertyValueSpecification","valueRequired":true,"valueName":"search_term_string"}}],"inLanguage":"en-GB"},{"@type":"Organization","@id":"https:\/\/islenart.com\/#organization","name":"Islenart","url":"https:\/\/islenart.com\/","logo":{"@type":"ImageObject","inLanguage":"en-GB","@id":"https:\/\/islenart.com\/#\/schema\/logo\/image\/","url":"https:\/\/islenart.com\/wp-content\/uploads\/2020\/08\/1-Logo islenart 5.png","contentUrl":"https:\/\/islenart.com\/wp-content\/uploads\/2020\/08\/1-Logo islenart 5.png","width":2059,"height":2290,"caption":"Islenart"},"image":{"@id":"https:\/\/islenart.com\/#\/schema\/logo\/image\/"}}]}},"_links":{"self":[{"href":"https:\/\/islenart.com\/en\/wp-json\/wp\/v2\/product\/2217","targetHints":{"allow":["GET"]}}],"collection":[{"href":"https:\/\/islenart.com\/en\/wp-json\/wp\/v2\/product"}],"about":[{"href":"https:\/\/islenart.com\/en\/wp-json\/wp\/v2\/types\/product"}],"wp:featuredmedia":[{"embeddable":true,"href":"https:\/\/islenart.com\/en\/wp-json\/wp\/v2\/media\/2290"}],"wp:attachment":[{"href":"https:\/\/islenart.com\/en\/wp-json\/wp\/v2\/media?parent=2217"}],"wp:term":[{"taxonomy":"product_brand","embeddable":true,"href":"https:\/\/islenart.com\/en\/wp-json\/wp\/v2\/product_brand?post=2217"},{"taxonomy":"product_cat","embeddable":true,"href":"https:\/\/islenart.com\/en\/wp-json\/wp\/v2\/product_cat?post=2217"},{"taxonomy":"product_tag","embeddable":true,"href":"https:\/\/islenart.com\/en\/wp-json\/wp\/v2\/product_tag?post=2217"}],"curies":[{"name":"wp","href":"https:\/\/api.w.org\/{rel}","templated":true}]}}

Braga de cuello Canción Floral / Neck Gaiter Floral Song

<p>Esta braga de cuello personalizada all over puede utilizarse como bandana, muñequera, pasamontañas, o bien para mantener calentitos tu cuello y tu cara. Renueva tu look con el accesorio más polivalente.</p>
<p>• 95% poliéster, 5% elastano (la composición del tejido podría variar en un 1%)<br />
• Peso del tejido: 6.19 oz/yd² (210 g/m²)<br />
• Tejido transpirable<br />
• Lavable y reutilizable<br />
• Tejido elástico<br />
• Talla única<br />
• Impreso sobre un lado, el otro se deja en blanco</p>
<p>&#8211;</p>
<p>This neck gaiter is a versatile accessory that can be used as a face covering, headband, bandana, wristband, and neck warmer. Upgrade your accessory game and find a matching face shield for each of your outfits.</p>
<p>• 95% polyester, 5% elastane (fabric composition may vary by 1%)<br />
• Fabric weight: 6.19 oz/yd² (210 g/m²)<br />
• Breathable fabric<br />
• Washable and reusable<br />
• Four-way stretch fabric that stretches and recovers on the cross and lengthwise grains<br />
• One size<br />
• Printed on one side, reverse side is left blank</p>

<p>Esta braga de cuello personalizada all over puede utilizarse como bandana, muñequera, pasamontañas, o bien para mantener calentitos tu cuello&#8230;</p>

<!-- This site is optimized with the Yoast SEO plugin v28.2 - https://yoast.com/product/yoast-seo-wordpress/ -->
<title>Braga de cuello Canción Floral / Neck Gaiter Floral Song - Islenart</title>
<meta name="robots" content="index, follow, max-snippet:-1, max-image-preview:large, max-video-preview:-1" />
<link rel="canonical" href="https://islenart.com/en/product/braga-de-cuello-cancion-floral-neck-gaiter-floral-song/" />
<meta property="og:locale" content="en_GB" />
<meta property="og:type" content="article" />
<meta property="og:title" content="Braga de cuello Canción Floral / Neck Gaiter Floral Song - Islenart" />
<meta property="og:description" content="Esta braga de cuello personalizada all over puede utilizarse como bandana, muñequera, pasamontañas, o bien para mantener calentitos tu cuello..." />
<meta property="og:url" content="https://islenart.com/en/product/braga-de-cuello-cancion-floral-neck-gaiter-floral-song/" />
<meta property="og:site_name" content="Islenart" />
<meta property="article:modified_time" content="2021-01-08T16:56:09+00:00" />
<meta property="og:image" content="https://islenart.com/wp-content/uploads/2020/11/mockup-255fe38a.jpg" />
	<meta property="og:image:width" content="1000" />
	<meta property="og:image:height" content="1000" />
	<meta property="og:image:type" content="image/jpeg" />
<meta name="twitter:label1" content="Estimated reading time" />
	<meta name="twitter:data1" content="1 minute" />
<script type="application/ld+json" class="yoast-schema-graph">{"@context":"https:\/\/schema.org","@graph":[{"@type":"WebPage","@id":"https:\/\/islenart.com\/en\/product\/braga-de-cuello-cancion-floral-neck-gaiter-floral-song\/","url":"https:\/\/islenart.com\/en\/product\/braga-de-cuello-cancion-floral-neck-gaiter-floral-song\/","name":"Braga de cuello Canción Floral \/ Neck Gaiter Floral Song - Islenart","isPartOf":{"@id":"https:\/\/islenart.com\/#website"},"primaryImageOfPage":{"@id":"https:\/\/islenart.com\/en\/product\/braga-de-cuello-cancion-floral-neck-gaiter-floral-song\/#primaryimage"},"image":{"@id":"https:\/\/islenart.com\/en\/product\/braga-de-cuello-cancion-floral-neck-gaiter-floral-song\/#primaryimage"},"thumbnailUrl":"https:\/\/islenart.com\/wp-content\/uploads\/2020\/11\/mockup-255fe38a.jpg","datePublished":"2020-11-05T11:07:49+00:00","dateModified":"2021-01-08T16:56:09+00:00","breadcrumb":{"@id":"https:\/\/islenart.com\/en\/product\/braga-de-cuello-cancion-floral-neck-gaiter-floral-song\/#breadcrumb"},"inLanguage":"en-GB","potentialAction":[{"@type":"ReadAction","target":["https:\/\/islenart.com\/en\/product\/braga-de-cuello-cancion-floral-neck-gaiter-floral-song\/"]}]},{"@type":"ImageObject","inLanguage":"en-GB","@id":"https:\/\/islenart.com\/en\/product\/braga-de-cuello-cancion-floral-neck-gaiter-floral-song\/#primaryimage","url":"https:\/\/islenart.com\/wp-content\/uploads\/2020\/11\/mockup-255fe38a.jpg","contentUrl":"https:\/\/islenart.com\/wp-content\/uploads\/2020\/11\/mockup-255fe38a.jpg","width":1000,"height":1000},{"@type":"BreadcrumbList","@id":"https:\/\/islenart.com\/en\/product\/braga-de-cuello-cancion-floral-neck-gaiter-floral-song\/#breadcrumb","itemListElement":[{"@type":"ListItem","position":1,"name":"Portada","item":"https:\/\/islenart.com\/"},{"@type":"ListItem","position":2,"name":"TIENDA","item":"https:\/\/islenart.com\/shop\/"},{"@type":"ListItem","position":3,"name":"Braga de cuello Canción Floral \/ Neck Gaiter Floral Song"}]},{"@type":"WebSite","@id":"https:\/\/islenart.com\/#website","url":"https:\/\/islenart.com\/","name":"Islenart","description":"Ruth Cebrián - Artist, Phd Arquitect","publisher":{"@id":"https:\/\/islenart.com\/#organization"},"potentialAction":[{"@type":"SearchAction","target":{"@type":"EntryPoint","urlTemplate":"https:\/\/islenart.com\/?s={search_term_string}"},"query-input":{"@type":"PropertyValueSpecification","valueRequired":true,"valueName":"search_term_string"}}],"inLanguage":"en-GB"},{"@type":"Organization","@id":"https:\/\/islenart.com\/#organization","name":"Islenart","url":"https:\/\/islenart.com\/","logo":{"@type":"ImageObject","inLanguage":"en-GB","@id":"https:\/\/islenart.com\/#\/schema\/logo\/image\/","url":"https:\/\/islenart.com\/wp-content\/uploads\/2020\/08\/1-Logo islenart 5.png","contentUrl":"https:\/\/islenart.com\/wp-content\/uploads\/2020\/08\/1-Logo islenart 5.png","width":2059,"height":2290,"caption":"Islenart"},"image":{"@id":"https:\/\/islenart.com\/#\/schema\/logo\/image\/"}}]}</script>
<!-- / Yoast SEO plugin. -->

Braga de cuello Canción Floral / Neck Gaiter Floral Song - Islenart

Esta braga de cuello personalizada all over puede utilizarse como bandana, muñequera, pasamontañas, o bien para mantener calentitos tu cuello...

Ruth Cebrián - Artist, Phd Arquitect
